{"id":11,"date":"2019-01-16T14:29:21","date_gmt":"2019-01-16T13:29:21","guid":{"rendered":"http:\/\/sectorisk.fr\/?page_id=11"},"modified":"2025-02-20T17:13:02","modified_gmt":"2025-02-20T16:13:02","slug":"une-section-de-page-daccueil","status":"publish","type":"page","link":"https:\/\/sectorisk.fr\/index.php\/une-section-de-page-daccueil\/","title":{"rendered":"Nos valeurs"},"content":{"rendered":"\t\t<div data-elementor-type=\"wp-page\" data-elementor-id=\"11\" class=\"elementor elementor-11\">\n\t\t\t\t<div class=\"elementor-element elementor-element-5a8bec2 e-flex e-con-boxed e-con e-parent\" data-id=\"5a8bec2\" data-element_type=\"container\" data-settings=\"{&quot;content_width&quot;:&quot;boxed&quot;}\" data-core-v316-plus=\"true\">\n\t\t\t\t\t<div class=\"e-con-inner\">\n\t\t\t\t<div class=\"elementor-element elementor-element-aa93a1c elementor-widget elementor-widget-heading\" data-id=\"aa93a1c\" data-element_type=\"widget\" data-widget_type=\"heading.default\">\n\t\t\t\t<div class=\"elementor-widget-container\">\n\t\t\t<style>\/*! elementor - v3.19.0 - 28-02-2024 *\/\n.elementor-heading-title{padding:0;margin:0;line-height:1}.elementor-widget-heading .elementor-heading-title[class*=elementor-size-]>a{color:inherit;font-size:inherit;line-height:inherit}.elementor-widget-heading .elementor-heading-title.elementor-size-small{font-size:15px}.elementor-widget-heading .elementor-heading-title.elementor-size-medium{font-size:19px}.elementor-widget-heading .elementor-heading-title.elementor-size-large{font-size:29px}.elementor-widget-heading .elementor-heading-title.elementor-size-xl{font-size:39px}.elementor-widget-heading .elementor-heading-title.elementor-size-xxl{font-size:59px}<\/style><h2 class=\"elementor-heading-title elementor-size-default\">NOS VALEURS<\/h2>\t\t<\/div>\n\t\t\t\t<\/div>\n\t\t\t\t<div class=\"elementor-element elementor-element-1f2ec30 elementor-widget-divider--view-line elementor-widget elementor-widget-divider\" data-id=\"1f2ec30\" data-element_type=\"widget\" data-widget_type=\"divider.default\">\n\t\t\t\t<div class=\"elementor-widget-container\">\n\t\t\t<style>\/*! elementor - v3.19.0 - 28-02-2024 *\/\n.elementor-widget-divider{--divider-border-style:none;--divider-border-width:1px;--divider-color:#0c0d0e;--divider-icon-size:20px;--divider-element-spacing:10px;--divider-pattern-height:24px;--divider-pattern-size:20px;--divider-pattern-url:none;--divider-pattern-repeat:repeat-x}.elementor-widget-divider .elementor-divider{display:flex}.elementor-widget-divider .elementor-divider__text{font-size:15px;line-height:1;max-width:95%}.elementor-widget-divider .elementor-divider__element{margin:0 var(--divider-element-spacing);flex-shrink:0}.elementor-widget-divider .elementor-icon{font-size:var(--divider-icon-size)}.elementor-widget-divider .elementor-divider-separator{display:flex;margin:0;direction:ltr}.elementor-widget-divider--view-line_icon .elementor-divider-separator,.elementor-widget-divider--view-line_text .elementor-divider-separator{align-items:center}.elementor-widget-divider--view-line_icon .elementor-divider-separator:after,.elementor-widget-divider--view-line_icon .elementor-divider-separator:before,.elementor-widget-divider--view-line_text .elementor-divider-separator:after,.elementor-widget-divider--view-line_text .elementor-divider-separator:before{display:block;content:\"\";border-block-end:0;flex-grow:1;border-block-start:var(--divider-border-width) var(--divider-border-style) var(--divider-color)}.elementor-widget-divider--element-align-left .elementor-divider .elementor-divider-separator>.elementor-divider__svg:first-of-type{flex-grow:0;flex-shrink:100}.elementor-widget-divider--element-align-left .elementor-divider-separator:before{content:none}.elementor-widget-divider--element-align-left .elementor-divider__element{margin-left:0}.elementor-widget-divider--element-align-right .elementor-divider .elementor-divider-separator>.elementor-divider__svg:last-of-type{flex-grow:0;flex-shrink:100}.elementor-widget-divider--element-align-right .elementor-divider-separator:after{content:none}.elementor-widget-divider--element-align-right .elementor-divider__element{margin-right:0}.elementor-widget-divider--element-align-start .elementor-divider .elementor-divider-separator>.elementor-divider__svg:first-of-type{flex-grow:0;flex-shrink:100}.elementor-widget-divider--element-align-start .elementor-divider-separator:before{content:none}.elementor-widget-divider--element-align-start .elementor-divider__element{margin-inline-start:0}.elementor-widget-divider--element-align-end .elementor-divider .elementor-divider-separator>.elementor-divider__svg:last-of-type{flex-grow:0;flex-shrink:100}.elementor-widget-divider--element-align-end .elementor-divider-separator:after{content:none}.elementor-widget-divider--element-align-end .elementor-divider__element{margin-inline-end:0}.elementor-widget-divider:not(.elementor-widget-divider--view-line_text):not(.elementor-widget-divider--view-line_icon) .elementor-divider-separator{border-block-start:var(--divider-border-width) var(--divider-border-style) var(--divider-color)}.elementor-widget-divider--separator-type-pattern{--divider-border-style:none}.elementor-widget-divider--separator-type-pattern.elementor-widget-divider--view-line .elementor-divider-separator,.elementor-widget-divider--separator-type-pattern:not(.elementor-widget-divider--view-line) .elementor-divider-separator:after,.elementor-widget-divider--separator-type-pattern:not(.elementor-widget-divider--view-line) .elementor-divider-separator:before,.elementor-widget-divider--separator-type-pattern:not([class*=elementor-widget-divider--view]) .elementor-divider-separator{width:100%;min-height:var(--divider-pattern-height);-webkit-mask-size:var(--divider-pattern-size) 100%;mask-size:var(--divider-pattern-size) 100%;-webkit-mask-repeat:var(--divider-pattern-repeat);mask-repeat:var(--divider-pattern-repeat);background-color:var(--divider-color);-webkit-mask-image:var(--divider-pattern-url);mask-image:var(--divider-pattern-url)}.elementor-widget-divider--no-spacing{--divider-pattern-size:auto}.elementor-widget-divider--bg-round{--divider-pattern-repeat:round}.rtl .elementor-widget-divider .elementor-divider__text{direction:rtl}.e-con-inner>.elementor-widget-divider,.e-con>.elementor-widget-divider{width:var(--container-widget-width,100%);--flex-grow:var(--container-widget-flex-grow)}<\/style>\t\t<div class=\"elementor-divider\">\n\t\t\t<span class=\"elementor-divider-separator\">\n\t\t\t\t\t\t<\/span>\n\t\t<\/div>\n\t\t\t\t<\/div>\n\t\t\t\t<\/div>\n\t\t\t\t\t<\/div>\n\t\t\t\t<\/div>\n\t\t<div class=\"elementor-element elementor-element-3b4c0e2b e-flex e-con-boxed e-con e-parent\" data-id=\"3b4c0e2b\" data-element_type=\"container\" data-settings=\"{&quot;background_background&quot;:&quot;classic&quot;,&quot;content_width&quot;:&quot;boxed&quot;}\" data-core-v316-plus=\"true\">\n\t\t\t\t\t<div class=\"e-con-inner\">\n\t\t\t\t<div class=\"elementor-element elementor-element-7c15616 elementor-widget elementor-widget-text-editor\" data-id=\"7c15616\" data-element_type=\"widget\" data-widget_type=\"text-editor.default\">\n\t\t\t\t<div class=\"elementor-widget-container\">\n\t\t\t<style>\/*! elementor - v3.19.0 - 28-02-2024 *\/\n.elementor-widget-text-editor.elementor-drop-cap-view-stacked .elementor-drop-cap{background-color:#69727d;color:#fff}.elementor-widget-text-editor.elementor-drop-cap-view-framed .elementor-drop-cap{color:#69727d;border:3px solid;background-color:transparent}.elementor-widget-text-editor:not(.elementor-drop-cap-view-default) .elementor-drop-cap{margin-top:8px}.elementor-widget-text-editor:not(.elementor-drop-cap-view-default) .elementor-drop-cap-letter{width:1em;height:1em}.elementor-widget-text-editor .elementor-drop-cap{float:left;text-align:center;line-height:1;font-size:50px}.elementor-widget-text-editor .elementor-drop-cap-letter{display:inline-block}<\/style>\t\t\t\t<p><strong>L\u2019\u00c9coute\u00a0: <\/strong><\/p><p>Elle est notre objectif premier. Une bonne communication est la base d\u2019un partenariat harmonieux avec nos clients et nos collaborateurs. Conna\u00eetre, comprendre nos clients, savoir prioriser leurs attentes\u00a0 \u00e0 partir d\u2019une \u00e9coute suffisante nous permettra d\u2019agir de mani\u00e8re habile aupr\u00e8s d\u2019eux sur une relation de confiance partag\u00e9e.<\/p>\t\t\t\t\t\t<\/div>\n\t\t\t\t<\/div>\n\t\t\t\t\t<\/div>\n\t\t\t\t<\/div>\n\t\t<div class=\"elementor-element elementor-element-13bacfd e-flex e-con-boxed e-con e-parent\" data-id=\"13bacfd\" data-element_type=\"container\" data-settings=\"{&quot;content_width&quot;:&quot;boxed&quot;}\" data-core-v316-plus=\"true\">\n\t\t\t\t\t<div class=\"e-con-inner\">\n\t\t\t\t<div class=\"elementor-element elementor-element-93c3dcc elementor-widget elementor-widget-text-editor\" data-id=\"93c3dcc\" data-element_type=\"widget\" data-widget_type=\"text-editor.default\">\n\t\t\t\t<div class=\"elementor-widget-container\">\n\t\t\t\t\t\t\t<p><strong>La Proximit\u00e9\u00a0:<\/strong><\/p><p>Tout en restant au plus proche des clients et des collaborateurs, SECTORISK souhaite leur apporter de la personnalisation ainsi que de la consid\u00e9ration. Pour cela, le contact, l\u2019accessibilit\u00e9 avant et apr\u00e8s sont au c\u0153ur de la strat\u00e9gie de l\u2019entreprise pour garantir une efficacit\u00e9 relationnelle renforc\u00e9e.<\/p>\t\t\t\t\t\t<\/div>\n\t\t\t\t<\/div>\n\t\t\t\t\t<\/div>\n\t\t\t\t<\/div>\n\t\t<div class=\"elementor-element elementor-element-18972ac e-flex e-con-boxed e-con e-parent\" data-id=\"18972ac\" data-element_type=\"container\" data-settings=\"{&quot;background_background&quot;:&quot;classic&quot;,&quot;content_width&quot;:&quot;boxed&quot;}\" data-core-v316-plus=\"true\">\n\t\t\t\t\t<div class=\"e-con-inner\">\n\t\t\t\t<div class=\"elementor-element elementor-element-40810fc elementor-widget elementor-widget-text-editor\" data-id=\"40810fc\" data-element_type=\"widget\" data-widget_type=\"text-editor.default\">\n\t\t\t\t<div class=\"elementor-widget-container\">\n\t\t\t\t\t\t\t<p><strong>L\u2019Engagement\u00a0: <\/strong><\/p><p>C\u2019est parce que nous sommes soucieux d\u2019une qualit\u00e9 de service et d&rsquo;un \u00ab\u00a0retour sur investissement\u00a0\u00bb que nous nous engageons.<br \/>L\u2019engagement, n\u2019est pas qu\u2019un th\u00e8me accessoire, il est un sujet cl\u00e9 parmi nos valeurs et repose sur une meilleure compr\u00e9hension des attentes de nos clients.<\/p>\t\t\t\t\t\t<\/div>\n\t\t\t\t<\/div>\n\t\t\t\t\t<\/div>\n\t\t\t\t<\/div>\n\t\t<div class=\"elementor-element elementor-element-f0c528c e-flex e-con-boxed e-con e-parent\" data-id=\"f0c528c\" data-element_type=\"container\" data-settings=\"{&quot;content_width&quot;:&quot;boxed&quot;}\" data-core-v316-plus=\"true\">\n\t\t\t\t\t<div class=\"e-con-inner\">\n\t\t\t\t<div class=\"elementor-element elementor-element-c23e660 elementor-widget elementor-widget-image\" data-id=\"c23e660\" data-element_type=\"widget\" data-widget_type=\"image.default\">\n\t\t\t\t<div class=\"elementor-widget-container\">\n\t\t\t<style>\/*! elementor - v3.19.0 - 28-02-2024 *\/\n.elementor-widget-image{text-align:center}.elementor-widget-image a{display:inline-block}.elementor-widget-image a img[src$=\".svg\"]{width:48px}.elementor-widget-image img{vertical-align:middle;display:inline-block}<\/style>\t\t\t\t\t\t\t\t\t\t<img fetchpriority=\"high\" decoding=\"async\" width=\"480\" height=\"640\" src=\"https:\/\/sectorisk.fr\/wp-content\/uploads\/2025\/02\/Photo-4-District-FFF-rotated.jpg\" class=\"attachment-large size-large wp-image-628\" alt=\"\" srcset=\"https:\/\/sectorisk.fr\/wp-content\/uploads\/2025\/02\/Photo-4-District-FFF-rotated.jpg 480w, https:\/\/sectorisk.fr\/wp-content\/uploads\/2025\/02\/Photo-4-District-FFF-225x300.jpg 225w\" sizes=\"(max-width: 480px) 100vw, 480px\" \/>\t\t\t\t\t\t\t\t\t\t\t\t\t<\/div>\n\t\t\t\t<\/div>\n\t\t\t\t\t<\/div>\n\t\t\t\t<\/div>\n\t\t\t\t<\/div>\n\t\t","protected":false},"excerpt":{"rendered":"<p>NOS VALEURS L\u2019\u00c9coute\u00a0: Elle est notre objectif premier. Une bonne communication est la base d\u2019un partenariat harmonieux avec nos clients et nos collaborateurs. Conna\u00eetre, comprendre nos clients, savoir prioriser leurs attentes\u00a0 \u00e0 partir d\u2019une \u00e9coute suffisante nous permettra d\u2019agir de mani\u00e8re habile aupr\u00e8s d\u2019eux sur une relation de confiance partag\u00e9e. La Proximit\u00e9\u00a0: Tout en restant [&hellip;]<\/p>\n","protected":false},"author":1,"featured_media":0,"parent":0,"menu_order":0,"comment_status":"closed","ping_status":"closed","template":"","meta":{"footnotes":""},"class_list":["post-11","page","type-page","status-publish","hentry"],"yoast_head":"<!-- This site is optimized with the Yoast SEO plugin v22.3 - https:\/\/yoast.com\/wordpress\/plugins\/seo\/ -->\n<title>Nos valeurs - Sectorisk<\/title>\n<meta name=\"robots\" content=\"index, follow, max-snippet:-1, max-image-preview:large, max-video-preview:-1\" \/>\n<link rel=\"canonical\" href=\"https:\/\/sectorisk.fr\/index.php\/une-section-de-page-daccueil\/\" \/>\n<meta property=\"og:locale\" content=\"fr_FR\" \/>\n<meta property=\"og:type\" content=\"article\" \/>\n<meta property=\"og:title\" content=\"Nos valeurs - Sectorisk\" \/>\n<meta property=\"og:description\" content=\"NOS VALEURS L\u2019\u00c9coute\u00a0: Elle est notre objectif premier. Une bonne communication est la base d\u2019un partenariat harmonieux avec nos clients et nos collaborateurs. Conna\u00eetre, comprendre nos clients, savoir prioriser leurs attentes\u00a0 \u00e0 partir d\u2019une \u00e9coute suffisante nous permettra d\u2019agir de mani\u00e8re habile aupr\u00e8s d\u2019eux sur une relation de confiance partag\u00e9e. La Proximit\u00e9\u00a0: Tout en restant [&hellip;]\" \/>\n<meta property=\"og:url\" content=\"https:\/\/sectorisk.fr\/index.php\/une-section-de-page-daccueil\/\" \/>\n<meta property=\"og:site_name\" content=\"Sectorisk\" \/>\n<meta property=\"article:modified_time\" content=\"2025-02-20T16:13:02+00:00\" \/>\n<meta property=\"og:image\" content=\"http:\/\/sectorisk.fr\/wp-content\/uploads\/2025\/02\/Photo-4-District-FFF-rotated.jpg\" \/>\n<meta name=\"twitter:card\" content=\"summary_large_image\" \/>\n<meta name=\"twitter:label1\" content=\"Dur\u00e9e de lecture estim\u00e9e\" \/>\n\t<meta name=\"twitter:data1\" content=\"1 minute\" \/>\n<script type=\"application\/ld+json\" class=\"yoast-schema-graph\">{\"@context\":\"https:\/\/schema.org\",\"@graph\":[{\"@type\":\"WebPage\",\"@id\":\"https:\/\/sectorisk.fr\/index.php\/une-section-de-page-daccueil\/\",\"url\":\"https:\/\/sectorisk.fr\/index.php\/une-section-de-page-daccueil\/\",\"name\":\"Nos valeurs - Sectorisk\",\"isPartOf\":{\"@id\":\"https:\/\/sectorisk.fr\/#website\"},\"primaryImageOfPage\":{\"@id\":\"https:\/\/sectorisk.fr\/index.php\/une-section-de-page-daccueil\/#primaryimage\"},\"image\":{\"@id\":\"https:\/\/sectorisk.fr\/index.php\/une-section-de-page-daccueil\/#primaryimage\"},\"thumbnailUrl\":\"http:\/\/sectorisk.fr\/wp-content\/uploads\/2025\/02\/Photo-4-District-FFF-rotated.jpg\",\"datePublished\":\"2019-01-16T13:29:21+00:00\",\"dateModified\":\"2025-02-20T16:13:02+00:00\",\"breadcrumb\":{\"@id\":\"https:\/\/sectorisk.fr\/index.php\/une-section-de-page-daccueil\/#breadcrumb\"},\"inLanguage\":\"fr-FR\",\"potentialAction\":[{\"@type\":\"ReadAction\",\"target\":[\"https:\/\/sectorisk.fr\/index.php\/une-section-de-page-daccueil\/\"]}]},{\"@type\":\"ImageObject\",\"inLanguage\":\"fr-FR\",\"@id\":\"https:\/\/sectorisk.fr\/index.php\/une-section-de-page-daccueil\/#primaryimage\",\"url\":\"https:\/\/sectorisk.fr\/wp-content\/uploads\/2025\/02\/Photo-4-District-FFF-rotated.jpg\",\"contentUrl\":\"https:\/\/sectorisk.fr\/wp-content\/uploads\/2025\/02\/Photo-4-District-FFF-rotated.jpg\",\"width\":480,\"height\":640},{\"@type\":\"BreadcrumbList\",\"@id\":\"https:\/\/sectorisk.fr\/index.php\/une-section-de-page-daccueil\/#breadcrumb\",\"itemListElement\":[{\"@type\":\"ListItem\",\"position\":1,\"name\":\"Accueil\",\"item\":\"https:\/\/sectorisk.fr\/\"},{\"@type\":\"ListItem\",\"position\":2,\"name\":\"Nos valeurs\"}]},{\"@type\":\"WebSite\",\"@id\":\"https:\/\/sectorisk.fr\/#website\",\"url\":\"https:\/\/sectorisk.fr\/\",\"name\":\"Sectorisk\",\"description\":\"&#039;&#039;Parce que votre s\u00e9curit\u00e9 n&#039;est pas une option,elle est une priorit\u00e9&#039;&#039;\",\"publisher\":{\"@id\":\"https:\/\/sectorisk.fr\/#organization\"},\"potentialAction\":[{\"@type\":\"SearchAction\",\"target\":{\"@type\":\"EntryPoint\",\"urlTemplate\":\"https:\/\/sectorisk.fr\/?s={search_term_string}\"},\"query-input\":\"required name=search_term_string\"}],\"inLanguage\":\"fr-FR\"},{\"@type\":\"Organization\",\"@id\":\"https:\/\/sectorisk.fr\/#organization\",\"name\":\"Sectorisk\",\"url\":\"https:\/\/sectorisk.fr\/\",\"logo\":{\"@type\":\"ImageObject\",\"inLanguage\":\"fr-FR\",\"@id\":\"https:\/\/sectorisk.fr\/#\/schema\/logo\/image\/\",\"url\":\"https:\/\/sectorisk.fr\/wp-content\/uploads\/2024\/05\/cropped-Logo-Setorisk-blanc-v2.png\",\"contentUrl\":\"https:\/\/sectorisk.fr\/wp-content\/uploads\/2024\/05\/cropped-Logo-Setorisk-blanc-v2.png\",\"width\":672,\"height\":125,\"caption\":\"Sectorisk\"},\"image\":{\"@id\":\"https:\/\/sectorisk.fr\/#\/schema\/logo\/image\/\"}}]}<\/script>\n<!-- \/ Yoast SEO plugin. -->","yoast_head_json":{"title":"Nos valeurs - Sectorisk","robots":{"index":"index","follow":"follow","max-snippet":"max-snippet:-1","max-image-preview":"max-image-preview:large","max-video-preview":"max-video-preview:-1"},"canonical":"https:\/\/sectorisk.fr\/index.php\/une-section-de-page-daccueil\/","og_locale":"fr_FR","og_type":"article","og_title":"Nos valeurs - Sectorisk","og_description":"NOS VALEURS L\u2019\u00c9coute\u00a0: Elle est notre objectif premier. Une bonne communication est la base d\u2019un partenariat harmonieux avec nos clients et nos collaborateurs. Conna\u00eetre, comprendre nos clients, savoir prioriser leurs attentes\u00a0 \u00e0 partir d\u2019une \u00e9coute suffisante nous permettra d\u2019agir de mani\u00e8re habile aupr\u00e8s d\u2019eux sur une relation de confiance partag\u00e9e. La Proximit\u00e9\u00a0: Tout en restant [&hellip;]","og_url":"https:\/\/sectorisk.fr\/index.php\/une-section-de-page-daccueil\/","og_site_name":"Sectorisk","article_modified_time":"2025-02-20T16:13:02+00:00","og_image":[{"url":"http:\/\/sectorisk.fr\/wp-content\/uploads\/2025\/02\/Photo-4-District-FFF-rotated.jpg"}],"twitter_card":"summary_large_image","twitter_misc":{"Dur\u00e9e de lecture estim\u00e9e":"1 minute"},"schema":{"@context":"https:\/\/schema.org","@graph":[{"@type":"WebPage","@id":"https:\/\/sectorisk.fr\/index.php\/une-section-de-page-daccueil\/","url":"https:\/\/sectorisk.fr\/index.php\/une-section-de-page-daccueil\/","name":"Nos valeurs - Sectorisk","isPartOf":{"@id":"https:\/\/sectorisk.fr\/#website"},"primaryImageOfPage":{"@id":"https:\/\/sectorisk.fr\/index.php\/une-section-de-page-daccueil\/#primaryimage"},"image":{"@id":"https:\/\/sectorisk.fr\/index.php\/une-section-de-page-daccueil\/#primaryimage"},"thumbnailUrl":"http:\/\/sectorisk.fr\/wp-content\/uploads\/2025\/02\/Photo-4-District-FFF-rotated.jpg","datePublished":"2019-01-16T13:29:21+00:00","dateModified":"2025-02-20T16:13:02+00:00","breadcrumb":{"@id":"https:\/\/sectorisk.fr\/index.php\/une-section-de-page-daccueil\/#breadcrumb"},"inLanguage":"fr-FR","potentialAction":[{"@type":"ReadAction","target":["https:\/\/sectorisk.fr\/index.php\/une-section-de-page-daccueil\/"]}]},{"@type":"ImageObject","inLanguage":"fr-FR","@id":"https:\/\/sectorisk.fr\/index.php\/une-section-de-page-daccueil\/#primaryimage","url":"https:\/\/sectorisk.fr\/wp-content\/uploads\/2025\/02\/Photo-4-District-FFF-rotated.jpg","contentUrl":"https:\/\/sectorisk.fr\/wp-content\/uploads\/2025\/02\/Photo-4-District-FFF-rotated.jpg","width":480,"height":640},{"@type":"BreadcrumbList","@id":"https:\/\/sectorisk.fr\/index.php\/une-section-de-page-daccueil\/#breadcrumb","itemListElement":[{"@type":"ListItem","position":1,"name":"Accueil","item":"https:\/\/sectorisk.fr\/"},{"@type":"ListItem","position":2,"name":"Nos valeurs"}]},{"@type":"WebSite","@id":"https:\/\/sectorisk.fr\/#website","url":"https:\/\/sectorisk.fr\/","name":"Sectorisk","description":"&#039;&#039;Parce que votre s\u00e9curit\u00e9 n&#039;est pas une option,elle est une priorit\u00e9&#039;&#039;","publisher":{"@id":"https:\/\/sectorisk.fr\/#organization"},"potentialAction":[{"@type":"SearchAction","target":{"@type":"EntryPoint","urlTemplate":"https:\/\/sectorisk.fr\/?s={search_term_string}"},"query-input":"required name=search_term_string"}],"inLanguage":"fr-FR"},{"@type":"Organization","@id":"https:\/\/sectorisk.fr\/#organization","name":"Sectorisk","url":"https:\/\/sectorisk.fr\/","logo":{"@type":"ImageObject","inLanguage":"fr-FR","@id":"https:\/\/sectorisk.fr\/#\/schema\/logo\/image\/","url":"https:\/\/sectorisk.fr\/wp-content\/uploads\/2024\/05\/cropped-Logo-Setorisk-blanc-v2.png","contentUrl":"https:\/\/sectorisk.fr\/wp-content\/uploads\/2024\/05\/cropped-Logo-Setorisk-blanc-v2.png","width":672,"height":125,"caption":"Sectorisk"},"image":{"@id":"https:\/\/sectorisk.fr\/#\/schema\/logo\/image\/"}}]}},"_links":{"self":[{"href":"https:\/\/sectorisk.fr\/index.php\/wp-json\/wp\/v2\/pages\/11","targetHints":{"allow":["GET"]}}],"collection":[{"href":"https:\/\/sectorisk.fr\/index.php\/wp-json\/wp\/v2\/pages"}],"about":[{"href":"https:\/\/sectorisk.fr\/index.php\/wp-json\/wp\/v2\/types\/page"}],"author":[{"embeddable":true,"href":"https:\/\/sectorisk.fr\/index.php\/wp-json\/wp\/v2\/users\/1"}],"replies":[{"embeddable":true,"href":"https:\/\/sectorisk.fr\/index.php\/wp-json\/wp\/v2\/comments?post=11"}],"version-history":[{"count":27,"href":"https:\/\/sectorisk.fr\/index.php\/wp-json\/wp\/v2\/pages\/11\/revisions"}],"predecessor-version":[{"id":654,"href":"https:\/\/sectorisk.fr\/index.php\/wp-json\/wp\/v2\/pages\/11\/revisions\/654"}],"wp:attachment":[{"href":"https:\/\/sectorisk.fr\/index.php\/wp-json\/wp\/v2\/media?parent=11"}],"curies":[{"name":"wp","href":"https:\/\/api.w.org\/{rel}","templated":true}]}}